- -68. What is the greatest common divisor of y and m?
1
Let p be (-535)/(-35) - 2 - (-4)/(-14). What is the greatest common divisor of 143 and p?
13
Let q be (210/10)/(-7)*26/(-3). Let a = -38 + 116. Calculate the greatest common divisor of q and a.
26
Let t(b) = -7*b + 4*b**3 + 0*b**3 - 6*b**2 - 2*b**3 + 10. Let c be t(6). What is the highest common factor of c and 23?
23
Suppose 178*n + 560 = 248*n. Suppose 0 = -0*f - 2*f + 112. Calculate the highest common factor of n and f.
8
Let s(m) = -m - 16. Let c be s(-28). What is the highest common factor of 3 and c?
3
Suppose -3*u - 2*x = -5*x + 99, -5*x + 33 = -u. Let v = -17 - u. Calculate the greatest common factor of 24 and v.
8
Suppose 4*t - 59 + 343 = z, -4*z = t - 1153. What is the greatest common divisor of z and 18?
18
Let u = -16 + 8. Let t(d) = -d**2 - 7*d + 2. Let q be t(-7). Let f be (-260)/u + q/(-4). What is the highest common factor of 16 and f?
16
Suppose u = -3 - 47. Let j = u + 92. Let m be (12/(144/20))/((-5)/(-42)). What is the greatest common divisor of j and m?
14
Suppose -y - 2*y - 252 = 0. Let n be (88/(-3))/((-7)/y). Let g = n - -592. Calculate the highest common factor of 30 and g.
30
Suppose u = -4*y + 89, 2*y + 145 = -3*u + 452. Suppose s + m - 30 = 0, 14 = -2*s - 4*m + 64. What is the highest common divisor of s and u?
35
Let s(q) = q**3 - 6*q**2 + q - 1. Let l be s(6). Suppose -l*z + 50 = -0*z. Suppose -250 = 16*x - 21*x. Calculate the greatest common factor of z and x.
10
Suppose 3*x + 2*w = 40, 4*x = -3*w + 2*w + 45. Calculate the greatest common divisor of 1 and x.
1
Let z be -1*1 - (1 + 15). Suppose -221 = -21*j + 199. Let a = j + z. What is the highest common factor of 24 and a?
3
Let g be 3/(-4) + (-12)/(-16). Let o(l) = l**2 - 2. Let d be o(g). Let w be 14*(3 - (-5)/d). What is the greatest common factor of 49 and w?
7
Let p(a) = 22*a - 5. Let z be p(6). Let c be (-1)/(-2) - z/(-2). Let h(f) = 16*f. Let l be h(2). Calculate the greatest common divisor of l and c.
32
Suppose -4 = -m - 2. Suppose 0*o = -m*o + 20. Let c(k) = -8*k - 52. Let u be c(-9). Calculate the highest common factor of o and u.
10
Suppose -z + 85 = 5*w, 3*w - 3*z = -w + 68. Suppose -2*h - 17 - w = 0. Let x = h - -24. Calculate the highest common divisor of 7 and x.
7
Let n = 1 - 1. Suppose 3*g - g - 30 = n. Suppose -3*k + 121 + 108 = -4*j, 2*k - j - 151 = 0. Calculate the highest common factor of k and g.
15
Let p(s) = 2*s**2 - 10*s + 4. Suppose 2*j + 8*u - 3 = 3*u, 2*j = u + 21. Let y be p(j). What is the greatest common divisor of 19 and y?
19
Let i be (33/5)/(33/55). Calculate the greatest common factor of i and 759.
11
Suppose 0 = -x + 5*x. Let w = 53 + -51. Suppose w*v - 48 = -3*n, 54 = -x*n + 3*n + 4*v. Calculate the highest common factor of 14 and n.
14
Let l be -6*(18/(-27) + 0). What is the greatest common divisor of 254 and l?
2
Let u(n) = 39*n**2 - 6*n + 2. Let x be u(2). Let c = x - 98. Calculate the greatest common divisor of c and 6.
6
Let s = 136 - 78. Suppose 5*t - 12 = s. What is the highest common factor of 154 and t?
14
Suppose 0 = 18*m - 767 - 3787. Let t(b) = b**2 + 2*b - 1. Let h be t(-6). Calculate the highest common divisor of h and m.
23
Let v = -76 - -108. Let o = 38 + -35. Let i = 1 + o. What is the highest common divisor of i and v?
4
Suppose 6*x - 870 = 2394. What is the highest common divisor of 34 and x?
34
Let q be ((-780)/70)/((-2)/(-14)). Let f = q + 375. Calculate the greatest common factor of 27 and f.
27
Let j = -65 - -119. Suppose 0 = -2*q + 10 - 70. Let s = q + j. Calculate the highest common factor of s and 12.
12
Suppose 1482 = 32*c - 30*c. Calculate the highest common divisor of 57 and c.
57
Suppose 0 = -i - z + 39, -3*i - 3*z = 2*i - 201. Let o be 14*(-9)/12*-2. Calculate the highest common factor of i and o.
21
Suppose -23*l + 45 = -139. What is the greatest common factor of l and 72?
8
Let t be 1 + 4 + (34 - 7). Calculate the greatest common divisor of 64 and t.
32
Suppose 0 = 555*y - 560*y + 375. Calculate the greatest common divisor of y and 60.
15
Suppose 0 = -3*z - z + 5*r + 11, -5*r = -3*z + 2. Suppose 2*v + 2 = 4. What is the greatest common factor of v and z?
1
Let p be (1 - -1)/(2/36). Let x(j) = -18*j + 126. Let b be x(4). What is the highest common divisor of p and b?
18
Let c(b) be the first derivative of 3*b**2/2 - 20*b + 16. Let n be c(11). Calculate the highest common divisor of n and 65.
13
Let p = -2676 + 2712. Suppose -2*c - 2*l + 88 = 0, -9 = 3*l + 3. What is the greatest common factor of p and c?
12
Suppose -6 = -y - 0*y. Let b be (-1 - y)/(9 + -10). Calculate the greatest common divisor of 1 and b.
1
Suppose 8*t = 2*x + 7*t - 118, -t - 178 = -3*x. Calculate the greatest common divisor of x and 10.
10
Let p = 16 + -28. Let z be p/(-8)*(-2)/(-3). Let f be (-1 + -2 + z)*-4. What is the highest common divisor of f and 88?
8
Let w = 46 - 28. Suppose -5*m + 5*n = -65, 35 = 3*m + 5*n - 7*n. What is the highest common divisor of m and w?
9
Let x be (2*6)/3 - (-18 + -5). What is the highest common factor of 54 and x?
27
Let m(x) = -x**2 + 7*x - 4. Suppose 0 = 2*n - 13 + 3. Let p be m(n). Calculate the greatest common divisor of p and 48.
6
Let a be 1530/(-66) + (-8)/(-44). Let g = 28 + a. Calculate the greatest common divisor of 15 and g.
5
Let i be 3 + (20 - 19) + (41 - 0). Calculate the highest common divisor of 2205 and i.
45
Let u be (-6)/((-4)/((-32)/(-3))). Suppose -3*q = -7*q + u. Let h(l) = l**3 + 5*l**2 + 2*l. Let p be h(-4). Calculate the greatest common divisor of q and p.
4
Suppose -2*z + 68 = -w - 3*w, 3 = w. Let a be 6*8*20/16. What is the highest common factor of a and z?
20
Let n(l) = 25*l**2 - 67*l + 210. Let i be n(3). Calculate the greatest common factor of 273 and i.
39
Let v = -53 + 62. Calculate the greatest common factor of v and 36.
9
Let t = 1155 + -1134. Calculate the highest common factor of 707 and t.
7
Suppose -39 = -3*m + 96. Suppose 2*v = -4*q + 44, 5*v - 2 + 9 = 3*q. Calculate the highest common factor of q and m.
9
Let g be (((-10)/(-2))/10)/(2/320). What is the greatest common factor of g and 368?
16
Suppose 4*k = 2*i + 110, 80 = 10*k - 7*k - 2*i. What is the greatest common divisor of k and 130?
10
Suppose -28 = 4*i + 4*j, -5*i - 2*j - 10 = -4*i. Let f = i - -5. Let a be 10/20 + (-85)/(-10). Calculate the highest common divisor of f and a.
1
Let k(n) = 2*n**2 + 5*n - 7. Let w be k(-5). Suppose 9*q - 8*q + 2*j - 128 = 0, -4*j = -q + 122. What is the greatest common factor of w and q?
18
Suppose 0 = -2*k + i + 70, 74 = 15*k - 13*k - 3*i. Let j(y) = -y**3 + 2*y**2 + 1. Let l be j(-2). Calculate the greatest common factor of l and k.
17
Let i(z) = -z**3 + 18*z**2 + 15*z + 8. Let n be i(14). Calculate the highest common factor of n and 6.
6
Suppose -7*r = -5*r - 154. What is the highest common divisor of 44 and r?
11
Let v(a) = 37*a**2 + 2*a + 1. Let h(q) = q + 6. Let i be h(-7). Let p be v(i). Suppose -2*t - p = -4*t. What is the greatest common factor of t and 18?
18
Suppose 0 = f + 4*f + 5. Let y(m) = 2*m**2 + 28*m + 30. Let o be y(-13). Let i = o + f. Calculate the highest common factor of 27 and i.
3
Suppose -8 = -2*h - 2*h. Let z be ((-4)/(-6))/(h/27). Let m(g) = -g**2 - 18*g - 17. Let r be m(-10). Calculate the greatest common divisor of r and z.
9
Let j = -235 - -253. Calculate the highest common factor of j and 12.
6
Let z = 240 + -160. What is the highest common factor of 40 and z?
40
Suppose x + r - 26 = 0, -6*x + 3*x = 5*r - 70. What is the highest common factor of x and 45?
15
Let a(o) = -94*o - 177. Let y be a(-2). Calculate the highest common factor of y and 1298.
11
Suppose -4*f + 1349 = 3*h + 232, -3*f + 2*h + 842 = 0. What is the highest common divisor of f and 40?
40
Let d be -17 - (-5832)/225 - 4/(-50). Calculate the highest common divisor of d and 312.
3
Let k be ((-6)/(-5))/((-3)/(-15)). Let a(t) = 18*t - 2. Let m be a(1). Suppose m*j = 11*j + 30. What is the greatest common divisor of k and j?
6
Suppose -q - 3*q - 3*x = -29, 0 = -5*q + 2*x + 19. Suppose -3*i + 29 = -3*w - 22, -120 = -q*i - 2*w. Calculate the highest common divisor of 176 and i.
22
Suppose -3*a + 220 = 7*a. Let u = -85 - -283. Calculate the highest common factor of a and u.
22
Let d = -1 - -8. Suppose -d = -5*v + 8